is -20 - 442?
-502
In base 4, what is -10 + 20?
10
In base 3, what is -12 + -10012110?
-10012122
In base 3, what is 0 - -21012?
21012
In base 2, what is 111001 + 10111?
1010000
In base 6, what is 55 + 10?
105
In base 4, what is 122 + -22?
100
In base 6, what is 223522 + 4?
223530
In base 7, what is 24 - 6?
15
In base 16, what is -82c + 0?
-82c
In base 6, what is -12 - 154?
-210
In base 13, what is -2 - -355?
353
In base 13, what is 1 + -43?
-42
In base 14, what is 4 - 18?
-14
In base 14, what is -17 + 3?
-14
In base 10, what is -2 - 7?
-9
In base 10, what is 18 + -14?
4
In base 5, what is -22 + 40?
13
In base 10, what is -1 - -440?
439
In base 10, what is 3 - 505?
-502
In base 7, what is 20 - 1501?
-1451
In base 7, what is 24 - 1?
23
In base 10, what is 5 + 54?
59
In base 7, what is -3 + 5?
2
In base 5, what is -30 + -21?
-101
In base 3, what is -22012022 + -10?
-22012102
In base 8, what is -5 - 146?
-153
In base 9, what is -2 + 1357?
1355
In base 11, what is -19 + 8?
-11
In base 11, what is 1 - -511?
512
In base 3, what is 200221221 + -12?
200221202
In base 6, what is -2534 + -41?
-3015
In base 16, what is 4 + -214?
-210
In base 6, what is -24313 - 4?
-24321
In base 16, what is -7 - 6?
-d
In base 11, what is -1 - -315?
314
In base 16, what is 3 + 52?
55
In base 7, what is -563 - -3?
-560
In base 13, what is 119 - 1b?
cb
In base 14, what is 40 + -a?
34
In base 5, what is -241 - -3?
-233
In base 4, what is 211 - -23?
300
In base 14, what is -4 - 106?
-10a
In base 5, what is 10043 + -3?
10040
In base 14, what is 1 - -912?
913
In base 10, what is 0 - 24?
-24
In base 3, what is 2210210 + 11?
2210221
In base 12, what is -5 + -22a?
-233
In base 16, what is 163 + -24?
13f
In base 3, what is 121 - 100200?
-100002
In base 14, what is 3 - 9a4?
-9a1
In base 6, what is 54 + -132?
-34
In base 6, what is -4 + 445?
441
In base 10, what is -3 + 73?
70
In base 8, what is 17705 - -1?
17706
In base 6, what is -4130 + -5?
-4135
In base 7, what is -10625 - -4?
-10621
In base 15, what is 0 + 1?
1
In base 2, what is 111001 + -10110010?
-1111001
In base 10, what is 1 - -17?
18
In base 6, what is 334 - -1?
335
In base 9, what is -264 - 5?
-270
In base 4, what is -10 + -3?
-13
In base 11, what is 1 + 5?
6
In base 14, what is 4c + -d?
3d
In base 16, what is -3 - fc0?
-fc3
In base 8, what is 210 - 36?
152
In base 11, what is -999a + -4?
-99a3
In base 8, what is -10 + 17?
7
In base 9, what is -2 - 1624?
-1626
In base 12, what is 53b + 1?
540
In base 6, what is 2 - 22345?
-22343
In base 5, what is 11 - 4433?
-4422
In base 4, what is 30 - -102?
132
In base 15, what is -5 - -3b?
36
In base 5, what is 12324 - 3?
12321
In base 10, what is 51 + -1?
50
In base 6, what is -5 + 23?
14
In base 6, what is 25 - 45?
-20
In base 4, what is -130 + 11?
-113
In base 7, what is -301 - 421?
-1022
In base 5, what is -140 + 0?
-140
In base 10, what is -4 + -71?
-75
In base 15, what is 22a8 - -5?
22ad
In base 6, what is -410 - -13?
-353
In base 15, what is c9 + -5?
c4
In base 11, what is -9a59 + 4?
-9a55
In base 7, what is -2104 + 1?
-2103
In base 9, what is -1 + 331?
330
In base 16, what is -4 + 414?
410
In base 7, what is 3 + 11624?
11630
In base 14, what is -4 + 1?
-3
In base 7, what is -223 - -4?
-216
In base 14, what is -15 + -25?
-3a
In base 8, what is -5 - 0?
-5
In base 6, what is 15532 - 5?
15523
In base 13, what is 3 - 3305?
-3302
In base 12, what is -78 - -5?
-73
In base 9, what is 821 + -1?
820
In base 3, what is 10 + 1002212?
1002222
In base 15, what is 1e5 - -4?
1e9
In base 11, what is 5 - 1a5?
-1a0
In base 8, what is -35 - -12?
-23
In base 13, what is b13 - -1?
b14
In base 10, what is -5 - 518?
-523
In base 15, what is 3 + -7?
-4
In base 13, what is 434 + -1?
433
In base 13, what is 86 + 4?
8a
In base 8, what is 475 - 3?
472
In base 11, what is -306 - -1?
-305
In base 16, what is 37 - -2b?
62
In base 11, what is -1 + -1333?
-1334
In base 16, what is c - 34?
-28
In base 6, what is -1252 - -5?
-1243
In base 9, what is 6 + -363?
-356
In base 9, what is -1 - 24?
-25
In base 12, what is -25 - -1a?
-7
In base 15, what is -2d + d0?
a2
In base 9, what is -31 + 43?
12
In base 14, what is -2 - -26?
24
In base 7, what is -101 - -2030?
1626
In base 6, what is 5 + -20510?
-20501
In base 16, what is -4 + -6d?
-71
In base 12, what is -5 + 155?
150
In base 9, what is 4 + -15?
-11
In base 10, what is -1 - 84?
-85
In base 7, what is -26 + -242?
-301
In base 5, what is -131 - 10?
-141
In base 11, what is -4 - 1a?
-23
In base 15, what is -2 - a5?
-a7
In base 9, what is 4 + -10?
-5
In base 5, what is 103 - -32?
140
In base 13, what is 2 + -4?
-2
In base 12, what is -9a + -2?
-a0
In base 15, what is 612 + -3?
60e
In base 2, what is -10 - 100011?
-100101
In base 2, what is -11 + -11010100?
-11010111
In base 14, what is -13 + 12?
-1
In base 9, what is -202 + -5?
-207
In base 8, what is -145 - -4?
-141
In base 3, what is -10211222 + -12?
-10212011
In base 13, what is -a8 + 0?
-a8
In base 9, what is 101 + -6?
84
In base 10, what is 4 + 48?
52
In base 14, what is c - -16?
24
In base 16, what is 2 - 4?
-2
In base 13, what is -118 + -3?
-11b
In base 13, what is -2 - -78?
76
In base 8, what is 7 + 3?
12
In base 10, what is -45 - -94?
49
In base 3, what is -10 + 12022?
12012
In base 5, what is -3 + 221?
213
In base 5, what is 33 - 3?
30
In base 8, what is 17 + 3240?
3257
In base 4, what is -11323113 - 11?
-11323130
In base 8, what is -36 + 2?
-34
In base 8, what is 31 - -1?
32
In base 12, what is -5 - 3?
-8
In base 8, what is 201 - 3?
176
In base 14, what is -5 + 234?
22d
In base 6, what is -4 + -3312?
-3320
In base 6, what is 4 - 123?
-115
In base 9, what is -20 + 7?
-12
In base 5, what is 3324 - -4?
3333
In base 10, what is -1020 + -5?
-1025
In base 5, what is -2 + 13?
11
In base 8, what is -76 - 3?
-101
In base 3, what is 10 + -1002012?
-1002002
In base 9, what is 0 - 76?
-76
In base 15, what is -5 - 89?
-8e
In base 6, what is -2 + -134?
-140
In base 11, what is -15 - -a?
-6
In base 5, what is -343400 + -1?
-343401
In base 15, what is -23 + -3?
-26
In base 8, what is -20 + -272?
-312
In base 11, what is 33 + 77?
aa
In base 8, what is -5501 + 2?
-5477
In base 15, what is 31 - 53?
-22
In base 15, what is 3 + 6c?
70
In base 12, what is 1 - -8b8?
8b9
In base 4, what is -11 + -12110?
-12121
In base 6, what is -40 + -12?
-52
In base 6, what is 23 + -2?
21
In base 3, what is -1202022 + -22?
-1202121
In base 12, what is -bb6 + -2?
-bb8
In base 3, what is -1 - -1002010?
1002002
In base 11, what is 416 - 16?
400
In base 11, what is -6 + 43?
38
In base 15, what is -6 + -102?
-108
In base 12, what is -23 - 33?
-56
In base 5, what is 403 + -1?
402
In base 13, what is -1 + 14c?
14b
In base 15, what is 16b2 + 2?
16b4
In base 9, what is 83 + -2?
81
In base 9, what is 751 + -4?
746
In base 11, what is -305 + -5?
-30a
In base 12, what is -20 - -21?
1
In base 9, what is 5 + 207?
213
In base 14, what is 44 + 8a?
d0
In base 10, what is 81 - 2?
79
In base 6, what is 2 + -41?
-35
In base 3, what is 1 + -1020?
-1012
In base 16, what is 22 - -7?
29
In base 5, what is -2331 - -1?
-2330
In base 13, what is 8 + 22?
2a
In base 5, what is 321334 + 3?
321342
In base 13, what is -61 - -1?
-60
In base 15, what is -5 - 64?
-69
In base 14, what is 5 + 30?
35
In base 6, what is -43314 - 0?
-43314
In base 13, what is -10174 - -3?
-10171
In base 15, what is 6 - -4?
a
In base 2, what is 10 + -101111110?
-101111100
In base 10, what is 4 + -50?
-46
In base 7, what is -113 - -3?
-110
In base 16, what is 7 - -ae2?
ae9
In base 15, what is b - 372?
-366
In base 3, what is -11010 + 201?
-10102
In base 6, what is 2 - -451?
453
In base 7, what is -1 + 331?
330
In base 8, what is -12 + -71?
-103
In base 7, what is 22 + -60?
-35
In base 15, what is 3 - 321?
-31d
In base 11, what is -5 + -2559?
-2563
In base 10, what is 3 - -17?
20
In base 5, what is 211 - 4?
202
In base 10, what is -26 + 1?
-25
In base 9, what is 16 - 72?
-55
In base 6, what is 0 + 1410?
1410
In base 15, what is -1aa - 3?
-1ad
In base 15, what is -95 + 0?
-95
In base 7, what is 53 - -1422?
1505
In base 16, what is -4 - 1d9?
-1dd
In base 11, what is 77 + -a?
68
In base 15, what is 15 + -178?
-163
In base 3, what is -12 - 2200?
-2212
In base 16, what is c0 + -13?
ad
In base 13, what is 